t of 287469489?
9
What is the tens digit of 3771707?
0
What is the millions digit of 86559275?
6
What is the tens digit of 928528567?
6
What is the hundreds digit of 57239939?
9
What is the ten thousands digit of 120991581?
9
What is the millions digit of 330188793?
0
What is the hundred millions digit of 5013401004?
0
What is the hundred thousands digit of 98539137?
5
What is the hundreds digit of 73068294?
2
What is the hundred millions digit of 2522906590?
5
What is the millions digit of 1851424732?
1
What is the hundreds digit of 477568827?
8
What is the hundred millions digit of 318396682?
3
What is the tens digit of 202942506?
0
What is the units digit of 612999343?
3
What is the tens digit of 11796677?
7
What is the hundreds digit of 436261781?
7
What is the ten millions digit of 181485503?
8
What is the ten thousands digit of 317882289?
8
What is the millions digit of 3626046657?
6
What is the hundreds digit of 483778954?
9
What is the tens digit of 73831949?
4
What is the thousands digit of 4188928?
8
What is the millions digit of 164382176?
4
What is the hundred thousands digit of 3634795552?
7
What is the millions digit of 844556773?
4
What is the thousands digit of 91707806?
7
What is the tens digit of 5047724672?
7
What is the thousands digit of 111076090?
6
What is the tens digit of 93104657?
5
What is the millions digit of 21253482?
1
What is the ten millions digit of 4215412663?
1
What is the thousands digit of 877420727?
0
What is the millions digit of 24081627?
4
What is the hundreds digit of 1415355826?
8
What is the ten millions digit of 302617628?
0
What is the hundred millions digit of 395201447?
3
What is the millions digit of 111128861?
1
What is the thousands digit of 3768178176?
8
What is the thousands digit of 49736843?
6
What is the ten thousands digit of 35768880?
6
What is the thousands digit of 289815939?
5
What is the thousands digit of 33276738?
6
What is the tens digit of 2164963?
6
What is the tens digit of 76028427?
2
What is the millions digit of 30205855?
0
What is the millions digit of 226453340?
6
What is the tens digit of 107048480?
8
What is the hundreds digit of 8303643?
6
What is the tens digit of 3599457376?
7
What is the millions digit of 18169669?
8
What is the billions digit of 5987528696?
5
What is the thousands digit of 659299684?
9
What is the ten millions digit of 3541774494?
4
What is the ten thousands digit of 1716126394?
2
What is the units digit of 68711849?
9
What is the ten thousands digit of 3943172?
4
What is the ten millions digit of 324704125?
2
What is the units digit of 55671079?
9
What is the millions digit of 61587866?
1
What is the hundred millions digit of 541917935?
5
What is the units digit of 90880601?
1
What is the thousands digit of 1702748971?
8
What is the thousands digit of 2009142060?
2
What is the units digit of 2525301625?
5
What is the ten millions digit of 416741172?
1
What is the units digit of 65274261?
1
What is the hundred thousands digit of 731890009?
8
What is the thousands digit of 382540133?
0
What is the millions digit of 54036697?
4
What is the thousands digit of 5474273?
4
What is the ten millions digit of 59494050?
5
What is the ten thousands digit of 487463579?
6
What is the billions digit of 1093576408?
1
What is the hundred thousands digit of 182770732?
7
What is the millions digit of 574947433?
4
What is the thousands digit of 9230926?
0
What is the thousands digit of 323574707?
4
What is the ten thousands digit of 2838331816?
3
What is the millions digit of 195403976?
5
What is the hundred millions digit of 496124006?
4
What is the ten millions digit of 621935462?
2
What is the hundred thousands digit of 4326758639?
7
What is the millions digit of 60013315?
0
What is the thousands digit of 1487224744?
4
What is the millions digit of 1859701152?
9
What is the units digit of 313566895?
5
What is the ten thousands digit of 6833623877?
2
What is the thousands digit of 374131793?
1
What is the hundreds digit of 687015765?
7
What is the hundred millions digit of 1907579031?
9
What is the billions digit of 3010057708?
3
What is the hundreds digit of 146412662?
6
What is the thousands digit of 79256363?
6
What is the units digit of 203125083?
3
What is the tens digit of 273483622?
2
What is the millions digit of 127958665?
7
What is the ten thousands digit of 669195253?
9
What is the tens digit of 466069061?
6
What is the hundreds digit of 13348781?
7
What is the tens digit of 439490300?
0
What is the tens digit of 2609512905?
0
What is the hundreds digit of 1715356677?
6
What is the millions digit of 168273072?
8
What is the tens digit of 272294182?
8
What is the thousands digit of 3727172661?
2
What is the units digit of 220563472?
2
What is the hundreds digit of 2411142239?
2
What is the billions digit of 1287642468?
1
What is the tens digit of 269547356?
5
What is the units digit of 107839353?
3
What is the tens digit of 609412131?
3
What is the hundreds digit of 14219963?
9
What is the hundred millions digit of 5370441649?
3
What is the ten millions digit of 103384588?
0
What is the units digit of 348167499?
9
What is the billions digit of 1389044003?
1
What is the hundreds digit of 216189670?
6
What is the thousands digit of 122233691?
3
What is the ten thousands digit of 433075095?
7
What is the ten thousands digit of 60045455?
4
What is the tens digit of 186267355?
5
What is the tens digit of 2113600089?
8
What is the ten thousands digit of 314236970?
3
What is the ten thousands digit of 128640332?
4
What is the millions digit of 2078133285?
8
What is the hundred thousands digit of 2534794500?
7
What is the units digit of 44753773?
3
What is the millions digit of 46605811?
6
What is the thousands digit of 47547945?
7
What is the hundred thousands digit of 143978291?
9
What is the billions digit of 2627157167?
2
What is the hundred thousands digit of 62768961?
7
What is the ten millions digit of 99720481?
9
What is the hundreds digit of 1841215821?
8
What is the units digit of 363862676?
6
What is the ten thousands digit of 12837498?
3
What is the hundred thousands digit of 313692054?
6
What is the hundred thousands digit of 5296079?
2
What is the millions digit of 39120855?
9
What is the units digit of 614669149?
9
What is the hundred thousands digit of 1042550556?
5
What is the thousands digit of 386719567?
9
What is the millions digit of 163145868?
3
What is the thousands digit of 5187269?
7
What is the ten millions digit of 600065430?
0
What is the units digit of 226814785?
5
What is the hundreds digit of 4985148705?
7
What is the millions digit of 6705285410?
5
What is the tens digit of 99807084?
8
What is the units digit of 5521498?
8
What is the hundreds digit of 4449886?
8
What is the tens digit of 52581550?
5
What is the tens digit of 3249362155?
5
What is the hundred millions digit of 3824387439?
8
What is the ten thousands digit of 425277686?
7
What is the ten thousands digit of 159747350?
4
What is the ten thousands digit of 112556027?
5
What is the units digit of 10453769?
9
What is the units digit of 9967613?
3
What is the ten thousands digit of 812090165?
9
What is the hundred thousands digit of 20868734?
8
What is the hundreds digit of 375813617?
6
What is the hundreds digit of 978093950?
9
What is the hundred thousands digit of 23098997?
0
What is the ten millions digit of 4048684223?
4
What is the ten millions digit of 291410764?
9
What is the hundred thousands digit of 3492000400?
0
What is the tens digit of 187426979?
7
What is the hundred thousands digit of 411033105?
0
What is the hundred thousands digit of 3162317900?
3
What is the billions digit of 7683393169?
7
What is the hundreds digit of 244315822?
8
What is the ten thousands digit of 264542075?
4
What is the thousands digit of 159821759?
1
What is the ten millions digit of 70693977?
7
What is the ten thousands digit of 155842169?
4
What is the hundreds digit of 1287437315?
3
What is the ten millions digit of 75552904?
7
What is the ten thousands digit of 116003621?
0
What is the tens digit of 810663419?
1
What is the units digit of 376287850?
0
What is the hundred millions digit of 2554681606?
5
What is the ten thousands digit of 26335568?
3
What is the millions di